s be ((-2)/(-5))/(f/660). Let w = 40 + s. List the prime factors of w.
2
Let p = 37031 - 24307. What are the prime factors of p/44 - (-8)/(-44)?
17
Let v(s) = s**3 - 18*s**2 + 5*s + 2. Let x be (144/40)/(1/5). What are the prime factors of v(x)?
2, 23
Let k be (-102)/(-4) + 12/(-8). List the prime factors of (-13)/4 + 3 - (-750)/k.
31
Suppose -5*k = -x + 30, 0 = -5*x - 2*k + k + 20. Suppose 19 + x = 4*d. Let q(n) = n + 8. What are the prime factors of q(d)?
2, 7
Let f(q) = -q**3 - 6*q**2 + 11*q - 14. Let c be f(7). List the prime factors of c/(-9) + (-50)/(-225).
2
Let v(b) be the second derivative of -13*b**3/6 + 5*b**2/2 + 6*b. Let r be v(2). What are the prime factors of (r + -1)/(-1 - 0)?
2, 11
Let u(n) = n**3 + 8*n**2 + 5*n - 1. Let p = 25 - 32. List the prime factors of u(p).
13
Suppose 0 = 3*j - 7*j + 12. Let a(t) = 2 - 3 - 6 - j*t - 5*t. List the prime factors of a(-4).
5
Suppose 4*i - 8*i + 5*y = -4104, 5*i + 4*y - 5130 = 0. What are the prime factors of i?
2, 3, 19
Let c be (-4)/10*(101 - 16). Let u = -20 - c. What are the prime factors of (6/(-1))/(-3)*u?
2, 7
Suppose 15 = -5*k + 50. Let x(p) = 4*p**2 - 9*p - 11. What are the prime factors of x(k)?
2, 61
Let o(w) = w**3 - 5*w**2 - 8*w + 14. Let j(f) = -f**2 + f + 7. Let l be j(0). Let n be o(l). Let t = n + -22. What are the prime factors of t?
2, 17
Let i = 7 - 19. Let x = -15 - i. List the prime factors of x/(-15) - 942/(-15).
3, 7
Suppose -4*r = -5*s - 50, 4*r = 3*r + 3*s + 16. Suppose 12*l = r*l - 76. Let j = -11 - l. What are the prime factors of j?
3
Suppose 5*f - 17 = -h + 3, -4*h = 0. Let l(x) = 10*x - 29*x**2 + 2*x**2 + 26*x**2 - 4. What are the prime factors of l(f)?
2, 5
List the prime factors of (66/(-88))/(-2 - (-903)/452).
3, 113
Let y(l) = 16*l**2 + l - 2. Suppose -2*z - 4*n = -6, -6*z + 2*z = n + 9. List the prime factors of y(z).
139
Let m = -1803 - -3559. List the prime factors of m.
2, 439
Suppose 12 = 3*w - 3. Let d(b) = -5*b**2 + 3*b + 8. Let o be d(w). What are the prime factors of 6/(-4)*o/9?
17
Suppose -5*j = -2*j - 3. What are the prime factors of 12/(3/j) + 37?
41
Let v = -50 + 53. Suppose 2*l + 5*r = 17, l + v*r - 13 = 2*r. What are the prime factors of l?
2
Let f = -937 + 1692. Suppose -f = -16*q + 11*q. List the prime factors of q.
151
Let x = 157 + -92. Suppose 92 = -61*u + x*u. List the prime factors of u.
23
Suppose 3*q - 4*l = 1175, -3*q + 1165 = 4*l - 3*l. List the prime factors of q.
389
Suppose 0 = v + 4 - 2. Let f be v + (-3 + 5)/1. Suppose -w + 35 = -f. List the prime factors of w.
5, 7
Let a = 325 + -203. Let i = 5 - 3. Suppose 0 = -4*l + a - i. What are the prime factors of l?
2, 3, 5
Let g = 9 - 11. Let w be ((-14)/35)/(g/10). Suppose 7 - 75 = -w*p. List the prime factors of p.
2, 17
Suppose 3*l + 1538 = -7*v + 8*v, -2*l + 8 = 0. What are the prime factors of v?
2, 5, 31
Suppose g = -3*g. Let p = 5 - 2. Suppose 5*t = 2*m - 11, g = p*m + m + 5*t - 37. List the prime factors of m.
2
Let h(y) = 10*y**2 - 2*y - 1. Let n be h(-2). Suppose -l + 2*z = -26, l = 4*z + n - 13. List the prime factors of l.
2, 11
Let v = 7 - 78. What are the prime factors of v*1*(-7 + 3 + 2)?
2, 71
Let a = -1602 - -6592. List the prime factors of a.
2, 5, 499
Suppose -2*n - 4 = 4*b, 4*n = 3*b - b + 12. Let c be (0 + (-12)/(-15))/((-1)/(-15)). Let y = b + c. What are the prime factors of y?
2, 5
Suppose 56 = i + 7. Suppose -3 - i = -2*h. What are the prime factors of h?
2, 13
Suppose 3*o - 3*m - 3735 = 0, -4*o + 2*o + m + 2490 = 0. What are the prime factors of o?
3, 5, 83
Suppose -b = b + 3*s, 0 = b - s - 5. Suppose 6*k = b*k + 204. List the prime factors of k.
2, 17
Suppose -3 = 2*a - 3*a. Let o be 1 + a - -1 - 3. Suppose -o*n = -7*y + 3*y + 62, -4*n = -5*y + 76. List the prime factors of y.
2
Let s be ((-30)/(-15))/((-2)/4). List the prime factors of 75/(s/(-6) + (-4)/(-12)).
3, 5
Let u(z) = -z**3 + 8*z**2 + 35*z - 29. What are the prime factors of u(-10)?
7, 29
Let b be -1 + -1 + 2 + 5. Let x(u) = 10*u**2 - 4*u**2 + 5 + 10 - b*u**2 + 12*u. List the prime factors of x(-12).
3, 5
What are the prime factors of 88*(315/28)/5?
2, 3, 11
Suppose -7*y = -4*y + 459. What are the prime factors of (y/(-15))/(1/10)?
2, 3, 17
Suppose -6*y + 209 = -97. Let o = y + -45. List the prime factors of o.
2, 3
Suppose 16*f - 13767 + 4327 = 0. List the prime factors of f.
2, 5, 59
Let f(b) = -3*b**2 - b + 1. Let j be 4 - 1 - (8 - 3). Let k be f(j). What are the prime factors of ((-51)/4)/(k/24)?
2, 17
Let c = 2489 - 1314. List the prime factors of c.
5, 47
Let i(v) = v**3 + 3*v**2 - 3*v. Let z be i(-3). Let h(g) = 13*g - 8. List the prime factors of h(z).
109
Let q(n) = -67*n**3 + n**2 + 8*n - 11. What are the prime factors of q(-3)?
1783
Let a(k) = 2 - 7*k**2 - 4 + k**3 - 2 - 7*k. Let p be a(8). What are the prime factors of p/30 + (-1852)/(-60)?
31
Suppose 4*c + 1 = 5*c. Let j = c - -1. Suppose -5*f + 3*w - w + 126 = 0, 2*w = j*f - 54. List the prime factors of f.
2, 3
Let o(g) be the first derivative of -2*g**2 + 5*g - 17. Suppose 0 = -2*s - 2*s - 24. What are the prime factors of o(s)?
29
Let b(i) = i**3 + 13*i**2 + 12*i + 2. Suppose 0 = -2*c - 24 - 0. Let h be b(c). Suppose 5 = -h*y + 23. List the prime factors of y.
3
Let r(l) = 20*l**2 + 7*l - 20. Let z be r(-7). Suppose 0 = 7*b - z - 636. What are the prime factors of b?
13, 17
Suppose 477 + 915 = 4*b. List the prime factors of b.
2, 3, 29
Suppose -5*p + 901 = 2*r - 3029, 0 = -p - 5*r + 809. List the prime factors of p.
2, 7
Let o(d) = 6*d**2 - 6*d + 6. Let i be o(4). Let l = i - 44. Suppose -18 = -r + 3*j, -5*r + 8*r - 4*j - l = 0. List the prime factors of r.
2, 3
Let g(p) = -10*p**2 + 7*p + 8. Let d(l) = 5*l**2 - 3*l - 4. Let m(t) = 5*d(t) + 2*g(t). What are the prime factors of m(-6)?
2, 7, 13
Let x be -1 + (0 - 3 - -1) + 131. Let i = x + -59. List the prime factors of i.
3, 23
Suppose 5946 = 3*a + 708. What are the prime factors of a?
2, 3, 97
Suppose 0 = 4*m + 3*v - 2743, -v + 2749 = -128*m + 132*m. List the prime factors of m.
2, 43
Let a be ((-15)/(-9))/(2/30). Suppose 2*u - 5*c + 6 + 9 = 0, -5*c = -5*u. Suppose u*b - 5*t - 110 = 0, 5*t - 5 + a = 0. What are the prime factors of b?
2, 3
Let u(i) be the second derivative of i**4/12 + i**3/6 + 3*i**2/2 + 30*i. What are the prime factors of u(-8)?
59
Let k(d) = 3*d**2 + 47*d - 21. What are the prime factors of k(-29)?
17, 67
Let s be 0 - -4 - (3 + -3). Suppose -5*g + 4*a + 59 = 0, 5*g + s*a + 3 - 94 = 0. List the prime factors of g.
3, 5
Suppose 8*i = 13*i - 20. Suppose i*c - 271 - 445 = 0. What are the prime factors of c?
179
Suppose 0 = -5*y + 151 + 64. Suppose -w - 4*d - 5 + y = 0, 2*w = -5*d + 88. What are the prime factors of w?
2, 3
Let f(d) = -2*d**3 + 2*d**2. Suppose -4*z - 3*h = 1, 5*h + 6 = 3*h. Suppose -v - 6 = z*v. List the prime factors of f(v).
2, 3
Let q = -21 + 23. Suppose -4 - 6 = -q*x. List the prime factors of x.
5
Let i(o) = o**3 - 8*o**2 - 9*o + 12. Let l be i(9). What are the prime factors of (-6)/l*(-60 - 2)?
31
Suppose 3*t - 6*t + 603 = 0. Suppose -4*s - 37 + t = 0. List the prime factors of s.
41
Let c = 103 - 100. Let s = -34 + 59. Let h = c + s. What are the prime factors of h?
2, 7
Suppose -4*k - 399 - 296 = -i, 0 = -3*i - k + 2059. List the prime factors of i.
3, 229
Suppose -y - 4*y = -10. Let b(j) = j + 12 - y*j + 0*j. List the prime factors of b(7).
5
Suppose -4*r + m + 17 = -6, 4 = -r - 3*m. Suppose 0 = u - 105 - r. What are the prime factors of u?
2, 5, 11
Let q(s) = 24*s**2 - 6*s + 18. Let x be q(5). Suppose -4*r + 2*g = -0*r - x, 738 = 5*r - g. What are the prime factors of r?
2, 37
Let d(u) = u + 1. Let z(t) = -3*t - 8. Let o(n) = -4*d(n) - 2*z(n). Let w be o(-10). What are the prime factors of (-4)/w*2 + 21?
2, 11
Let g be 2*1 + (4 - 4). List the prime factors of g/6*(212 + -5).
3, 23
Let x(s) = s**2 + 3*s - 5. Let m be x(2). Suppose 3*n + 2*i - 257 = 0, -m*n + n + 5*i = -335. What are the prime factors of n?
5, 17
Let h be 3/3*-1 - 9. Let c = h + 282. List the prime factors of c.
2, 17
What are the prime factors of 1/((-3000)/3006 - -1)?
3, 167
Let p(z) = 2*z**3 - 4*z**2 + z + 2. Let c = 10 - 8. Let u be p(c). Suppose -3*m - 2*n = -10, m - 4*m = -u*n - 16. What are the prime factors of m?
2
Suppose v = 5*v + u - 5023, 0 = u + 5. What 